 (-61 - -65)?
-92
Calculate (-9 + 9 - -4) + 2 + -5 - (-71 + 57).
15
Evaluate 2 - 3 - ((-15 + 38 + 19 - 2) + -23).
-18
What is the value of 1 + -4 + (14 + -9 - -34) + 87 + -97?
26
What is 48 + (-7 - ((-11 - -2) + (0 - 7))) - -1?
58
(-19 - -46) + -25 + (36 - 1) + -5 + 4
36
Evaluate 28 + 34 + (6 - 88).
-20
(-50 + -7 - -8) + -44 + (16 - 1)
-78
(1 - -106) + (2 - (50 - 36) - 5)
90
What is 0 + 2 - (-1 + -39 + 18 + 52)?
-28
What is -74 - (-51 - 108 - -67)?
18
Calculate 13 - (424 + -345 - (-3 - (5 - 1))) - -1.
-72
Evaluate 24 + 17 + (-66 + 25 - 6).
-6
What is (-8 - -4) + -10 - (-11 - (-3 + 3)) - -26?
23
Calculate (21 - (-8 - -26)) + 1 + 7 + 8.
19
Calculate -29 - -49 - -55 - 28.
47
What is the value of -2 - 2 - -14 - (-71 + (14 - -67))?
0
Calculate 31 - (14 + -14 + (6 - -12)) - (2 + 29).
-18
What is -35 - (14 + (-9 + -6 + 5 - -4))?
-43
4 + 0 + -22 + 75 + -17
40
-21 - (161 - (20 - -84))
-78
What is the value of -35 + -90 + 121 - (-6 - (1 - 3) - 41)?
41
Calculate (-30 - 5) + 23 + -34 + 2.
-44
What is the value of -6 + (-95 - (9 - (9 + 9 + -7 + -3)))?
-102
9 - (17 - (-10 + 12)) - (8 + -13 - -9)
-10
Evaluate (-66 - 240 - -362) + 1 + -12.
45
-3 - -39 - (-3810 - -3907)
-61
Evaluate (49 - 57) + (-36 - -51) + (9 - 2).
14
What is the value of -21 - (-2 + -16 - (8 - (18 + 2)))?
-15
What is the value of (16 - (-25 - -18) - -46) + 5 + -26?
48
6 - (-95 + -19 + 9 + 6 - (41 + -51))
95
What is -66 - (23 + (-10 - 10)) - -18?
-51
What is the value of -14 - (59 + 41 + -16 + -49)?
-49
What is (2 - 2) + (-6 - 9) + 33 + (11 - 29)?
0
Evaluate 46 + -7 + (38 - 38).
39
Calculate -135 + 57 + (-8 + 9 - (-22 - -3)).
-58
What is (-148 - -140) + -37 + -4 + 10?
-39
What is -131 + 30 + -31 + (17 - -12)?
-103
Evaluate -4 + -13 + 6 - (-58 + 13 + -15).
49
What is (-10 - (-18 + 3 + -18)) + -15?
8
Evaluate -11 + 9 + 73 + -12.
59
Calculate 3 + 2 - (67 - (21 + 33)).
-8
What is (6 - 8) + (8 - 9) + 38 + -11?
24
What is -1 + -14 + 25 + -8 + -9?
-7
What is the value of (-12 - -27) + -14 + (-34 - -30)?
-3
Calculate 2 + -9 + (30 + -17 - (4 - (3 - 10))).
-5
Calculate (-2 - (0 - -12)) + (-11 - (61 + -37 - 61)).
12
(-60 - (5 - (15 + -5))) + 115 + -108
-48
(969 - 975) + 0 + 7 + 104
105
What is 13 + (17 - 112 - -7)?
-75
What is 2 - ((27 + -13 + (1 - 1) - -86) + 14)?
-112
Calculate -55 + (8 + 18 - 22) + -4 + 3.
-52
Evaluate 189 + -194 + (-16 - -11) + 82.
72
Calculate (0 - 98) + (698 - 641).
-41
What is 86 + -49 + (-7 - 0) + (16 - 23)?
23
Evaluate (4 + -1 - (5 + -11 + 20)) + 12 + 46.
47
Calculate 0 + -39 + (-17 - (37 + -46)) + 14 - -15.
-18
What is the value of -2 - 1 - (122 + -167 - -80)?
-38
What is 17 + (9 - 14) + -18 + -69 + -5 + 5?
-75
29 + (-92 - -10 - -116)
63
Evaluate 43 - (69 + -7) - 65.
-84
Evaluate (-4 - (9 - 4)) + (66 - 63 - (2 + -72)).
64
Evaluate -2 + 35 + 665 + -734.
-36
Calculate 10923 + -10891 + -2 + (2 - 144).
-112
Calculate 47 + -1 + (-9610 - -9670).
106
91 + -67 - (19 - 3)
8
Calculate -51 + (3 - (-13 + 18 + 1 - -14)).
-68
Calculate -24 - (-65 - -11) - (-33 - 21).
84
Calculate 31 + -18 - (112 + 17 + -30) - (0 - -2).
-88
What is the value of 3 + 72 + (-30 - 114)?
-69
Calculate 62 + -199 + (-112 - -210).
-39
-83 + 51 - (-118 + 75)
11
(-39 - -70) + 9 - 72
-32
What is the value of 43 - (1 + -1) - (2299 + -2322)?
66
Evaluate -7 + (-3 - (0 + (-6 - -3))) + 13.
6
What is the value of -25 + 13 + -10 - (-4 - (8 - 5))?
-15
What is the value of (-37 - 29 - -59) + 52?
45
Calculate -21 + (221 - 229) + 2 + 27.
0
Calculate 30 - 0 - (-41 + (60 - 30) + (6 - -3)).
32
Evaluate -1 + -13 - ((-172 - -145) + 51).
-38
What is 2 + 15 + (21 - 0) + -33 + -45?
-40
12 + 4 + -9 - (-24 + -10 - 0)
41
What is the value of 1 - 32 - 4 - (-11 - -7)?
-31
Calculate 5 + (-2 - -3) - (-23 - ((38 - 60) + -7)).
0
Evaluate 109 + 60 + -114 - 93.
-38
Calculate 9 + -17 + -4 + (1 - (2 - 43)).
30
-89 - 0 - (4 + (3 - (7 - -2))) - 0
-87
What is the value of (-2 - 31) + -1751 + 1694?
-90
What is the value of (-9 - (14 + 10 + -24)) + -54?
-63
What is the value of 23 + (-70 - -48) - 39?
-38
Evaluate -24 + -3 + (147 + -135 - (1 - -16)).
-32
-27 - (-24 - (17 + (-30 - 0)))
-16
Calculate (-47 - -20 - 36) + 22 - -30.
-11
What is 46 + -18 + -40 + 22 + -3 + -20?
-13
Calculate -37 + 41 - 26 - 52.
-74
What is the value of (14 - (32 + -32)) + (0 - 15) + 107 - -1?
107
-4 + (-65 - (-15 - -58))
-112
What is the value of -15 - (-9 - (23 - -8)) - 15?
10
Calculate 3 + (-69 - 14 - -8).
-72
40 - (26 + -51) - ((21 - 4) + (-2 - 2))
52
Calculate 13 - (-2 - -41) - (14 + -5) - -7.
-28
Calculate -118 - (-42 + -17 + -1).
-58
What is the value of (-25 - (-11 + -1)) + (-10 - -11) - -27 - -24?
39
What is -11 + ((25 - 13) + -13 - -7) - -57?
52
-4 + 18 - 16 - 9
-11
Calculate -49 + 9 - (200 + -240).
0
Evaluate 1 + 1 - 7 - ((8 - (10 - 2)) + 2).
-7
Evaluate -22 + 34 + 75 + (5 - -1) - (-2 - 4).
99
What is the value of 88 + (9 + (5 + -10 + 5 - 15) - -13)?
95
What is the value of -50 - (-54 + (-43 - -23))?
24
What is 574 + -519 - (50 + -1)?
6
Evaluate 199 - 149 - (16 - (5 - 16)).
23
What is (-30 - (-6 - -17)) + 73?
32
Evaluate -714 + 726 + (4 - 26).
-10
Evaluate -220 + 342 + -86 - (-8 - 0).
44
Evaluate -43 + -10 - -25 - (-84 - -15).
41
What is (36 - 1 - -3) + (5 - (-2 + 0))?
45
What is 17 - (-5 + 18 + -26) - (8 + 0)?
22
What is -99 - (5 - 92) - 21?
-33
Calculate -1 + (4 - 16) + (31 - 9 - 36).
-27
Evaluate 11 + -2 + (-10 - (-31 - (-22 - 4))) - 52.
-48
(-36 - (-21 - (-6 + (10 - 14)))) + 2
-23
Evaluate 0 + 2 + (1 - 2 - (-85 - -95)) - -44.
35
11 - (-64 + (14 - (6 + -7))) - -3
63
Evaluate (-9 - -8) + -11 - -4 - -1.
-7
Calculate 68 + (-6 - -27) + -78.
11
Evaluate 88 + -1 - (43 - 20 - (11 - -5 - -1)).
81
Calculate -20 + (19 - 13) + (-20 - (-22 - -25)).
-37
What is 1 + -2 + -68 + 58 + -9 + -3 - 2?
-25
What is the value of 24 + (88 - 61 - 27)?
24
Evaluate 1 - (-5 - (-5 + (-12 + 21 - 4) - 1)).
5
What is -2 + (0 - 13) + (-35 - (-38 - -15))?
-27
5 - (-4 - -11) - (-2 + 1)
-1
Evaluate -19 + 13 + (12 + -27 - 6).
-27
Calculate (-1 - (0 + (-6 - -4))) + 77 + -78.
0
What is -4 - (40 + -58 + 19 - (-2 + 5 - 13))?
-15
9 - (-909 + 890 + -1 + 0 + 9)
20
(0 - -47) + (-25 - (-14 + (11 - 25)))
50
What is (4 - 185) + (-5472 - -5528)?
-125
(2 - 4 - -11) + 47 + (5 - (6 + 6))
49
What is 1 - 29 - (1188 + -1182)?
-34
-5 + 16 - 21 - (-2 - (-48 - -4))
-52
Evaluate 7 + -18 + (8 - 3 - 5) + (34 - 21).
2
Calculate -13 + -31 + (-18 - -21) - -20.
-21
What is ((13 - 8) + 61 - -13) + (0 - 1)?
78
What is -97 + (-6 - (-4 + -4)) + (-4 - 13)?
-112
-2 + (-12 - -9) + 7 + 9 + 32
43
What is the value of 10 + 4 + 418 + -511?
-79
Evaluate -43 - (-15 - -74 - 77).
-25
Evaluate -284 - -300 - (-1 - -32) - -58.
43
Calculate (66 - 72) + (47 + -6 - 7).
28
Evaluate (1 - -48) + (1306 - 1327).
28
Evaluate (2070 - 2183) + 1 + 96.
-16
What is the value of 51 - (-13 + (-30 - -33) + -2 + 13)?
50
What is (-12 - (4 + (32 - 54))) + -77?
-71
Calculate (63 + -32 - 48) + 10 - (42 + -1).
-48
36 - (34 + -23 - -54)
-29
Evaluate 2 + 50 - (5 + 2 + (3 + -15 - -6)).
51
Calculate 11 + (7 - -1 - (-18 + 27)) + 39 - -7.
56
What is the value of 1 + (0 - -79) + (35 - 61) + (14 - -4)?
72
What is -122 + 1 - (5568 - 5618)?
-71
What is the value of (4 - (4 - (9 - 7) - -3)) + 45?
44
Evaluate 2 - (19 + -29 - -55).
-43
Calculate -464 + 491 - (22 - 16).
21
What is 107 - (-5 - (7 - 9) - ((5 - 1) + -16))?
98
Evaluate 7 - ((-6 - 2) + 64 + 77 + 6).
-132
Calculate (7556 - 7607) + 98 + 1.
48
Evaluate (12 + -15 + 40 - (8 + 6)) + 9.
32
(-22 + -13 - -13) + -16
-38
What is the value of 10 + (86 - (-16 + 54))?
58
Calculate -304 - -263 - (-7 - (-4 - 1)).
-39
-63 - 1 - -76 - 40
-28
Calculate 6 - ((-10 - 2) + 27) - (-12 + (0 - 3)).
6
Evaluate (19 - (54 + 14)) + 0 - (-1 + -2 + -9).
-37
What is (32 - -1) + (-731 - -804)?
106
What is (-6 + 33 - (-2 + 10)) + -1?
18
Calculate 169 + -100 - -1 - (-16 + -1 + -2).
89
Calculate 3 + 1 + -16 + 4 - ((5 - -1) + -14).
0
What is the value of (-194 - (-26 - 198)) + 2 + -108?
-76
-23 - (5 + 12 - 7 - 78)
45
What is the value of (-22 - (-7 + -4) - -55) + (-5 - 0 - -5)?
44
What is 15 - (55 - 19 - 7 - -18)?
-32
Calculate 2 + (8 - (5 + -4) - (-36 + (-11 - -44))).
12
What is -75 + (-22 + (3 - -33) - 45)?
-106
(110 - 116) + -20 - 6
-32
(-27 - -45 - 34) + 4 + -38
-50
What is -51 + 7 - (-19 - 59) - 148?
-114
88 - 41 - (-54 + 93)
8
51 + (-25 - -44 - 17) +